{"id":40,"date":"2025-07-09T19:48:07","date_gmt":"2025-07-09T19:48:07","guid":{"rendered":"https:\/\/almeidaamorim.com.br\/?page_id=40"},"modified":"2025-07-10T02:18:45","modified_gmt":"2025-07-10T02:18:45","slug":"areas-de-atuacao","status":"publish","type":"page","link":"https:\/\/almeidaamorim.com.br\/index.php\/areas-de-atuacao\/","title":{"rendered":"\u00c1reas de Atua\u00e7\u00e3o"},"content":{"rendered":"<p>[et_pb_section fb_built=&#8221;1&#8243; _builder_version=&#8221;4.10.3&#8243; _module_preset=&#8221;default&#8221;][et_pb_row _builder_version=&#8221;4.10.3&#8243; _module_preset=&#8221;default&#8221;][et_pb_column _builder_version=&#8221;4.10.3&#8243; _module_preset=&#8221;default&#8221; type=&#8221;4_4&#8243;][et_pb_text _builder_version=&#8221;4.10.3&#8243; _module_preset=&#8221;default&#8221; hover_enabled=&#8221;0&#8243; sticky_enabled=&#8221;0&#8243; text_font_size=&#8221;37px&#8221; text_font=&#8221;Alice||||||||&#8221;]<\/p>\n<p>\u00c1reas de Atua\u00e7\u00e3o<\/p>\n<p>[\/et_pb_text][\/et_pb_column][\/et_pb_row][et_pb_row _builder_version=&#8221;4.10.3&#8243; _module_preset=&#8221;default&#8221;][et_pb_column _builder_version=&#8221;4.10.3&#8243; _module_preset=&#8221;default&#8221; type=&#8221;4_4&#8243;][et_pb_text _builder_version=&#8221;4.10.3&#8243; _module_preset=&#8221;default&#8221; hover_enabled=&#8221;0&#8243; sticky_enabled=&#8221;0&#8243; text_font_size=&#8221;17px&#8221;]<\/p>\n<p>Atuamos de forma especializada em <strong data-start=\"379\" data-end=\"405\">Direito Previdenci\u00e1rio<\/strong> e <strong data-start=\"408\" data-end=\"431\">Direito Empresarial<\/strong>, oferecendo suporte jur\u00eddico completo para <strong data-start=\"475\" data-end=\"516\">pessoas f\u00edsicas, aut\u00f4nomos e empresas<\/strong>. Com profundo conhecimento t\u00e9cnico e abordagem estrat\u00e9gica, entregamos solu\u00e7\u00f5es eficazes tanto na esfera <strong data-start=\"622\" data-end=\"655\">preventiva quanto contenciosa<\/strong>.<\/p>\n<p>[\/et_pb_text][et_pb_divider _builder_version=&#8221;4.10.3&#8243; _module_preset=&#8221;default&#8221; hover_enabled=&#8221;0&#8243; sticky_enabled=&#8221;0&#8243;][\/et_pb_divider][et_pb_text _builder_version=&#8221;4.10.3&#8243; _module_preset=&#8221;default&#8221; hover_enabled=&#8221;0&#8243; sticky_enabled=&#8221;0&#8243; text_font_size=&#8221;24px&#8221;]<\/p>\n<p><strong data-start=\"670\" data-end=\"696\">Direito Previdenci\u00e1rio<\/strong><\/p>\n<p>[\/et_pb_text][et_pb_text _builder_version=&#8221;4.10.3&#8243; _module_preset=&#8221;default&#8221; hover_enabled=&#8221;0&#8243; sticky_enabled=&#8221;0&#8243; text_font_size=&#8221;16px&#8221;]<\/p>\n<p data-start=\"698\" data-end=\"749\"><strong>Especialidade da Dra. Rita de C\u00e1ssia Almeida Amorim<\/strong><\/p>\n<p data-start=\"751\" data-end=\"775\"><strong data-start=\"751\" data-end=\"775\">Principais servi\u00e7os:<\/strong><\/p>\n<ul data-start=\"777\" data-end=\"2042\">\n<li data-start=\"777\" data-end=\"981\">\n<p data-start=\"779\" data-end=\"981\"><strong data-start=\"779\" data-end=\"824\">Consultoria e Planejamento Previdenci\u00e1rio<\/strong><br data-start=\"824\" data-end=\"827\" \/>Aconselhamento personalizado sobre contribui\u00e7\u00f5es e estrat\u00e9gias para garantir o melhor benef\u00edcio poss\u00edvel, tanto para trabalhadores quanto para empresas.<\/p>\n<\/li>\n<li data-start=\"983\" data-end=\"1174\">\n<p data-start=\"985\" data-end=\"1174\"><strong data-start=\"985\" data-end=\"1015\">Requerimento de Benef\u00edcios<\/strong><br data-start=\"1015\" data-end=\"1018\" \/>Orienta\u00e7\u00e3o e acompanhamento na solicita\u00e7\u00e3o de aposentadoria, aux\u00edlio-doen\u00e7a, pens\u00e3o por morte, sal\u00e1rio-maternidade, entre outros benef\u00edcios junto ao INSS.<\/p>\n<\/li>\n<li data-start=\"1176\" data-end=\"1339\">\n<p data-start=\"1178\" data-end=\"1339\"><strong data-start=\"1178\" data-end=\"1203\">Revis\u00e3o de Benef\u00edcios<\/strong><br data-start=\"1203\" data-end=\"1206\" \/>An\u00e1lise t\u00e9cnica e jur\u00eddica para revisar benef\u00edcios j\u00e1 concedidos que possam ter sido calculados de forma incorreta ou desfavor\u00e1vel.<\/p>\n<\/li>\n<li data-start=\"1341\" data-end=\"1502\">\n<p data-start=\"1343\" data-end=\"1502\"><strong data-start=\"1343\" data-end=\"1379\">Defesa Administrativa e Judicial<\/strong><br data-start=\"1379\" data-end=\"1382\" \/>Representa\u00e7\u00e3o em processos administrativos e judiciais envolvendo indeferimentos ou irregularidades por parte do INSS.<\/p>\n<\/li>\n<li data-start=\"1504\" data-end=\"1674\">\n<p data-start=\"1506\" data-end=\"1674\"><strong data-start=\"1506\" data-end=\"1532\">Aposentadoria Especial<\/strong><br data-start=\"1532\" data-end=\"1535\" \/>Atendimento espec\u00edfico para trabalhadores em condi\u00e7\u00f5es especiais (insalubridade, periculosidade), incluindo casos de aposentadoria rural.<\/p>\n<\/li>\n<li data-start=\"1676\" data-end=\"1862\">\n<p data-start=\"1678\" data-end=\"1862\"><strong data-start=\"1678\" data-end=\"1723\">Planejamento Previdenci\u00e1rio para Empresas<\/strong><br data-start=\"1723\" data-end=\"1726\" \/>Suporte jur\u00eddico para empresas sobre as contribui\u00e7\u00f5es de seus empregados, com foco em preven\u00e7\u00e3o de autua\u00e7\u00f5es e planejamento de custos.<\/p>\n<\/li>\n<li data-start=\"1864\" data-end=\"2042\">\n<p data-start=\"1866\" data-end=\"2042\"><strong data-start=\"1866\" data-end=\"1912\">Consultoria sobre a Reforma da Previd\u00eancia<\/strong><br data-start=\"1912\" data-end=\"1915\" \/>Orienta\u00e7\u00f5es detalhadas sobre as mudan\u00e7as nas regras previdenci\u00e1rias, com foco em adapta\u00e7\u00e3o estrat\u00e9gica e direitos adquiridos.<\/p>\n<\/li>\n<\/ul>\n<p>[\/et_pb_text][et_pb_divider _builder_version=&#8221;4.10.3&#8243; _module_preset=&#8221;default&#8221; hover_enabled=&#8221;0&#8243; sticky_enabled=&#8221;0&#8243;][\/et_pb_divider][et_pb_text _builder_version=&#8221;4.10.3&#8243; _module_preset=&#8221;default&#8221; hover_enabled=&#8221;0&#8243; sticky_enabled=&#8221;0&#8243; text_font_size=&#8221;24px&#8221;]<\/p>\n<p><strong>Direito Empresarial<\/strong><\/p>\n<p>[\/et_pb_text][et_pb_text _builder_version=&#8221;4.10.3&#8243; _module_preset=&#8221;default&#8221; hover_enabled=&#8221;0&#8243; sticky_enabled=&#8221;0&#8243; text_font_size=&#8221;16px&#8221;]<\/p>\n<p data-start=\"2081\" data-end=\"2127\"><strong>Especialidade do Dr. Petr\u00f4nio Farias de Amorim<\/strong><\/p>\n<p data-start=\"2129\" data-end=\"2153\"><strong data-start=\"2129\" data-end=\"2153\">Principais servi\u00e7os:<\/strong><\/p>\n<ul data-start=\"2155\" data-end=\"3512\">\n<li data-start=\"2155\" data-end=\"2335\">\n<p data-start=\"2157\" data-end=\"2335\"><strong data-start=\"2157\" data-end=\"2181\">Contratos Comerciais<\/strong><br data-start=\"2181\" data-end=\"2184\" \/>Elabora\u00e7\u00e3o, revis\u00e3o e negocia\u00e7\u00e3o de contratos de presta\u00e7\u00e3o de servi\u00e7os, compra e venda, parcerias, NDAs e demais instrumentos jur\u00eddicos empresariais.<\/p>\n<\/li>\n<li data-start=\"2337\" data-end=\"2507\">\n<p data-start=\"2339\" data-end=\"2507\"><strong data-start=\"2339\" data-end=\"2361\">Direito Societ\u00e1rio<\/strong><br data-start=\"2361\" data-end=\"2364\" \/>Assessoria completa na constitui\u00e7\u00e3o, altera\u00e7\u00e3o e dissolu\u00e7\u00e3o de empresas, acordos de s\u00f3cios, planejamento sucess\u00f3rio e governan\u00e7a corporativa.<\/p>\n<\/li>\n<li data-start=\"2509\" data-end=\"2684\">\n<p data-start=\"2511\" data-end=\"2684\"><strong data-start=\"2511\" data-end=\"2550\">Compliance e Governan\u00e7a Corporativa<\/strong><br data-start=\"2550\" data-end=\"2553\" \/>Implementa\u00e7\u00e3o de pol\u00edticas internas para assegurar o cumprimento das normas legais e regulat\u00f3rias, com foco na redu\u00e7\u00e3o de riscos.<\/p>\n<\/li>\n<li data-start=\"2686\" data-end=\"2859\">\n<p data-start=\"2688\" data-end=\"2859\"><strong data-start=\"2688\" data-end=\"2717\">Fus\u00f5es e Aquisi\u00e7\u00f5es (M&amp;A)<\/strong><br data-start=\"2717\" data-end=\"2720\" \/>Assessoria jur\u00eddica em processos de compra, venda, fus\u00e3o ou reorganiza\u00e7\u00e3o empresarial, incluindo due diligence e estrutura\u00e7\u00e3o contratual.<\/p>\n<\/li>\n<li data-start=\"2861\" data-end=\"3039\">\n<p data-start=\"2863\" data-end=\"3039\"><strong data-start=\"2863\" data-end=\"2888\">Lit\u00edgios Empresariais<\/strong><br data-start=\"2888\" data-end=\"2891\" \/>Representa\u00e7\u00e3o em disputas judiciais e arbitragens envolvendo contratos, inadimplemento, concorr\u00eancia desleal, conflitos societ\u00e1rios, entre outros.<\/p>\n<\/li>\n<li data-start=\"3041\" data-end=\"3194\">\n<p data-start=\"3043\" data-end=\"3194\"><strong data-start=\"3043\" data-end=\"3070\">Propriedade Intelectual<\/strong><br data-start=\"3070\" data-end=\"3073\" \/>Prote\u00e7\u00e3o e registro de marcas, patentes e direitos autorais, com foco na preserva\u00e7\u00e3o dos ativos intang\u00edveis da empresa.<\/p>\n<\/li>\n<li data-start=\"3196\" data-end=\"3362\">\n<p data-start=\"3198\" data-end=\"3362\"><strong data-start=\"3198\" data-end=\"3224\">Direito Administrativo<\/strong><br data-start=\"3224\" data-end=\"3227\" \/>Atua\u00e7\u00e3o junto a agentes p\u00fablicos e gestores em licita\u00e7\u00f5es, contratos administrativos, processos disciplinares e a\u00e7\u00f5es de improbidade.<\/p>\n<\/li>\n<li data-start=\"3364\" data-end=\"3512\">\n<p data-start=\"3366\" data-end=\"3512\"><strong data-start=\"3366\" data-end=\"3387\">Direito Eleitoral<\/strong><br data-start=\"3387\" data-end=\"3390\" \/>Defesa de candidatos e partidos em a\u00e7\u00f5es eleitorais c\u00edveis e criminais, garantindo a legalidade do processo democr\u00e1tico.<\/p>\n<\/li>\n<\/ul>\n<p>[\/et_pb_text][\/et_pb_column][\/et_pb_row][\/et_pb_section]<\/p>\n","protected":false},"excerpt":{"rendered":"<p>\u00c1reas de Atua\u00e7\u00e3oAtuamos de forma especializada em Direito Previdenci\u00e1rio e Direito Empresarial, oferecendo suporte jur\u00eddico completo para pessoas f\u00edsicas, aut\u00f4nomos e empresas. Com profundo conhecimento t\u00e9cnico e abordagem estrat\u00e9gica, entregamos solu\u00e7\u00f5es eficazes tanto na esfera preventiva quanto contenciosa.Direito Previdenci\u00e1rioEspecialidade da Dra. Rita de C\u00e1ssia Almeida Amorim Principais servi\u00e7os: Consultoria e Planejamento Previdenci\u00e1rioAconselhamento personalizado sobre contribui\u00e7\u00f5es [&hellip;]<\/p>\n","protected":false},"author":1,"featured_media":0,"parent":0,"menu_order":0,"comment_status":"closed","ping_status":"closed","template":"","meta":{"_et_pb_use_builder":"on","_et_pb_old_content":"","_et_gb_content_width":"","footnotes":""},"class_list":["post-40","page","type-page","status-publish","hentry"],"yoast_head":"<!-- This site is optimized with the Yoast SEO plugin v25.4 - https:\/\/yoast.com\/wordpress\/plugins\/seo\/ -->\n<title>\u00c1reas de Atua\u00e7\u00e3o - Almeida e Amorim Advogados Associados<\/title>\n<meta name=\"robots\" content=\"index, follow, max-snippet:-1, max-image-preview:large, max-video-preview:-1\" \/>\n<link rel=\"canonical\" href=\"https:\/\/almeidaamorim.com.br\/index.php\/areas-de-atuacao\/\" \/>\n<meta property=\"og:locale\" content=\"pt_BR\" \/>\n<meta property=\"og:type\" content=\"article\" \/>\n<meta property=\"og:title\" content=\"\u00c1reas de Atua\u00e7\u00e3o - Almeida e Amorim Advogados Associados\" \/>\n<meta property=\"og:description\" content=\"\u00c1reas de Atua\u00e7\u00e3oAtuamos de forma especializada em Direito Previdenci\u00e1rio e Direito Empresarial, oferecendo suporte jur\u00eddico completo para pessoas f\u00edsicas, aut\u00f4nomos e empresas. Com profundo conhecimento t\u00e9cnico e abordagem estrat\u00e9gica, entregamos solu\u00e7\u00f5es eficazes tanto na esfera preventiva quanto contenciosa.Direito Previdenci\u00e1rioEspecialidade da Dra. Rita de C\u00e1ssia Almeida Amorim Principais servi\u00e7os: Consultoria e Planejamento Previdenci\u00e1rioAconselhamento personalizado sobre contribui\u00e7\u00f5es [&hellip;]\" \/>\n<meta property=\"og:url\" content=\"https:\/\/almeidaamorim.com.br\/index.php\/areas-de-atuacao\/\" \/>\n<meta property=\"og:site_name\" content=\"Almeida e Amorim Advogados Associados\" \/>\n<meta property=\"article:modified_time\" content=\"2025-07-10T02:18:45+00:00\" \/>\n<meta name=\"twitter:card\" content=\"summary_large_image\" \/>\n<meta name=\"twitter:label1\" content=\"Est. tempo de leitura\" \/>\n\t<meta name=\"twitter:data1\" content=\"3 minutos\" \/>\n<script type=\"application\/ld+json\" class=\"yoast-schema-graph\">{\"@context\":\"https:\/\/schema.org\",\"@graph\":[{\"@type\":\"WebPage\",\"@id\":\"https:\/\/almeidaamorim.com.br\/index.php\/areas-de-atuacao\/\",\"url\":\"https:\/\/almeidaamorim.com.br\/index.php\/areas-de-atuacao\/\",\"name\":\"\u00c1reas de Atua\u00e7\u00e3o - Almeida e Amorim Advogados Associados\",\"isPartOf\":{\"@id\":\"https:\/\/almeidaamorim.com.br\/#website\"},\"datePublished\":\"2025-07-09T19:48:07+00:00\",\"dateModified\":\"2025-07-10T02:18:45+00:00\",\"breadcrumb\":{\"@id\":\"https:\/\/almeidaamorim.com.br\/index.php\/areas-de-atuacao\/#breadcrumb\"},\"inLanguage\":\"pt-BR\",\"potentialAction\":[{\"@type\":\"ReadAction\",\"target\":[\"https:\/\/almeidaamorim.com.br\/index.php\/areas-de-atuacao\/\"]}]},{\"@type\":\"BreadcrumbList\",\"@id\":\"https:\/\/almeidaamorim.com.br\/index.php\/areas-de-atuacao\/#breadcrumb\",\"itemListElement\":[{\"@type\":\"ListItem\",\"position\":1,\"name\":\"In\u00edcio\",\"item\":\"https:\/\/almeidaamorim.com.br\/\"},{\"@type\":\"ListItem\",\"position\":2,\"name\":\"\u00c1reas de Atua\u00e7\u00e3o\"}]},{\"@type\":\"WebSite\",\"@id\":\"https:\/\/almeidaamorim.com.br\/#website\",\"url\":\"https:\/\/almeidaamorim.com.br\/\",\"name\":\"Almeida e Amorim Advogados Associados\",\"description\":\"\",\"publisher\":{\"@id\":\"https:\/\/almeidaamorim.com.br\/#organization\"},\"potentialAction\":[{\"@type\":\"SearchAction\",\"target\":{\"@type\":\"EntryPoint\",\"urlTemplate\":\"https:\/\/almeidaamorim.com.br\/?s={search_term_string}\"},\"query-input\":{\"@type\":\"PropertyValueSpecification\",\"valueRequired\":true,\"valueName\":\"search_term_string\"}}],\"inLanguage\":\"pt-BR\"},{\"@type\":\"Organization\",\"@id\":\"https:\/\/almeidaamorim.com.br\/#organization\",\"name\":\"Almeida e Amorim Advogados Associados\",\"url\":\"https:\/\/almeidaamorim.com.br\/\",\"logo\":{\"@type\":\"ImageObject\",\"inLanguage\":\"pt-BR\",\"@id\":\"https:\/\/almeidaamorim.com.br\/#\/schema\/logo\/image\/\",\"url\":\"https:\/\/almeidaamorim.com.br\/wp-content\/uploads\/2025\/07\/cropped-logoamorim-site.png\",\"contentUrl\":\"https:\/\/almeidaamorim.com.br\/wp-content\/uploads\/2025\/07\/cropped-logoamorim-site.png\",\"width\":400,\"height\":123,\"caption\":\"Almeida e Amorim Advogados Associados\"},\"image\":{\"@id\":\"https:\/\/almeidaamorim.com.br\/#\/schema\/logo\/image\/\"}}]}<\/script>\n<!-- \/ Yoast SEO plugin. -->","yoast_head_json":{"title":"\u00c1reas de Atua\u00e7\u00e3o - Almeida e Amorim Advogados Associados","robots":{"index":"index","follow":"follow","max-snippet":"max-snippet:-1","max-image-preview":"max-image-preview:large","max-video-preview":"max-video-preview:-1"},"canonical":"https:\/\/almeidaamorim.com.br\/index.php\/areas-de-atuacao\/","og_locale":"pt_BR","og_type":"article","og_title":"\u00c1reas de Atua\u00e7\u00e3o - Almeida e Amorim Advogados Associados","og_description":"\u00c1reas de Atua\u00e7\u00e3oAtuamos de forma especializada em Direito Previdenci\u00e1rio e Direito Empresarial, oferecendo suporte jur\u00eddico completo para pessoas f\u00edsicas, aut\u00f4nomos e empresas. Com profundo conhecimento t\u00e9cnico e abordagem estrat\u00e9gica, entregamos solu\u00e7\u00f5es eficazes tanto na esfera preventiva quanto contenciosa.Direito Previdenci\u00e1rioEspecialidade da Dra. Rita de C\u00e1ssia Almeida Amorim Principais servi\u00e7os: Consultoria e Planejamento Previdenci\u00e1rioAconselhamento personalizado sobre contribui\u00e7\u00f5es [&hellip;]","og_url":"https:\/\/almeidaamorim.com.br\/index.php\/areas-de-atuacao\/","og_site_name":"Almeida e Amorim Advogados Associados","article_modified_time":"2025-07-10T02:18:45+00:00","twitter_card":"summary_large_image","twitter_misc":{"Est. tempo de leitura":"3 minutos"},"schema":{"@context":"https:\/\/schema.org","@graph":[{"@type":"WebPage","@id":"https:\/\/almeidaamorim.com.br\/index.php\/areas-de-atuacao\/","url":"https:\/\/almeidaamorim.com.br\/index.php\/areas-de-atuacao\/","name":"\u00c1reas de Atua\u00e7\u00e3o - Almeida e Amorim Advogados Associados","isPartOf":{"@id":"https:\/\/almeidaamorim.com.br\/#website"},"datePublished":"2025-07-09T19:48:07+00:00","dateModified":"2025-07-10T02:18:45+00:00","breadcrumb":{"@id":"https:\/\/almeidaamorim.com.br\/index.php\/areas-de-atuacao\/#breadcrumb"},"inLanguage":"pt-BR","potentialAction":[{"@type":"ReadAction","target":["https:\/\/almeidaamorim.com.br\/index.php\/areas-de-atuacao\/"]}]},{"@type":"BreadcrumbList","@id":"https:\/\/almeidaamorim.com.br\/index.php\/areas-de-atuacao\/#breadcrumb","itemListElement":[{"@type":"ListItem","position":1,"name":"In\u00edcio","item":"https:\/\/almeidaamorim.com.br\/"},{"@type":"ListItem","position":2,"name":"\u00c1reas de Atua\u00e7\u00e3o"}]},{"@type":"WebSite","@id":"https:\/\/almeidaamorim.com.br\/#website","url":"https:\/\/almeidaamorim.com.br\/","name":"Almeida e Amorim Advogados Associados","description":"","publisher":{"@id":"https:\/\/almeidaamorim.com.br\/#organization"},"potentialAction":[{"@type":"SearchAction","target":{"@type":"EntryPoint","urlTemplate":"https:\/\/almeidaamorim.com.br\/?s={search_term_string}"},"query-input":{"@type":"PropertyValueSpecification","valueRequired":true,"valueName":"search_term_string"}}],"inLanguage":"pt-BR"},{"@type":"Organization","@id":"https:\/\/almeidaamorim.com.br\/#organization","name":"Almeida e Amorim Advogados Associados","url":"https:\/\/almeidaamorim.com.br\/","logo":{"@type":"ImageObject","inLanguage":"pt-BR","@id":"https:\/\/almeidaamorim.com.br\/#\/schema\/logo\/image\/","url":"https:\/\/almeidaamorim.com.br\/wp-content\/uploads\/2025\/07\/cropped-logoamorim-site.png","contentUrl":"https:\/\/almeidaamorim.com.br\/wp-content\/uploads\/2025\/07\/cropped-logoamorim-site.png","width":400,"height":123,"caption":"Almeida e Amorim Advogados Associados"},"image":{"@id":"https:\/\/almeidaamorim.com.br\/#\/schema\/logo\/image\/"}}]}},"_links":{"self":[{"href":"https:\/\/almeidaamorim.com.br\/index.php\/wp-json\/wp\/v2\/pages\/40","targetHints":{"allow":["GET"]}}],"collection":[{"href":"https:\/\/almeidaamorim.com.br\/index.php\/wp-json\/wp\/v2\/pages"}],"about":[{"href":"https:\/\/almeidaamorim.com.br\/index.php\/wp-json\/wp\/v2\/types\/page"}],"author":[{"embeddable":true,"href":"https:\/\/almeidaamorim.com.br\/index.php\/wp-json\/wp\/v2\/users\/1"}],"replies":[{"embeddable":true,"href":"https:\/\/almeidaamorim.com.br\/index.php\/wp-json\/wp\/v2\/comments?post=40"}],"version-history":[{"count":4,"href":"https:\/\/almeidaamorim.com.br\/index.php\/wp-json\/wp\/v2\/pages\/40\/revisions"}],"predecessor-version":[{"id":108,"href":"https:\/\/almeidaamorim.com.br\/index.php\/wp-json\/wp\/v2\/pages\/40\/revisions\/108"}],"wp:attachment":[{"href":"https:\/\/almeidaamorim.com.br\/index.php\/wp-json\/wp\/v2\/media?parent=40"}],"curies":[{"name":"wp","href":"https:\/\/api.w.org\/{rel}","templated":true}]}}